{"id":260,"date":"2021-09-21T03:14:28","date_gmt":"2021-09-21T03:14:28","guid":{"rendered":"https:\/\/sandovalasociados.com\/sitio\/?page_id=260"},"modified":"2021-09-21T05:54:36","modified_gmt":"2021-09-21T05:54:36","slug":"servicios-de-contabilidad-externa","status":"publish","type":"page","link":"https:\/\/sandovalasociados.com\/sitio\/index.php\/servicios\/servicios-de-contabilidad-externa\/","title":{"rendered":"Servicios de Contabilidad Externa"},"content":{"rendered":"\t\t<div data-elementor-type=\"wp-page\" data-elementor-id=\"260\" class=\"elementor elementor-260\" data-elementor-settings=\"[]\">\n\t\t\t\t\t\t\t<div class=\"elementor-section-wrap\">\n\t\t\t\t\t\t\t<section class=\"elementor-section elementor-top-section elementor-element elementor-element-6d700fa9 elementor-section-boxed elementor-section-height-default elementor-section-height-default\" data-id=\"6d700fa9\" data-element_type=\"section\" data-settings=\"{&quot;background_background&quot;:&quot;classic&quot;}\">\n\t\t\t\t\t\t\t<div class=\"elementor-background-overlay\"><\/div>\n\t\t\t\t\t\t\t<div class=\"elementor-container elementor-column-gap-default\">\n\t\t\t\t\t<div class=\"elementor-column elementor-col-100 elementor-top-column elementor-element elementor-element-3970fbb2\" data-id=\"3970fbb2\" data-element_type=\"column\">\n\t\t\t<div class=\"elementor-widget-wrap elementor-element-populated\">\n\t\t\t\t\t\t\t\t<div class=\"elementor-element elementor-element-51446555 elementor-headline--style-rotate elementor-widget elementor-widget-animated-headline\" data-id=\"51446555\" data-element_type=\"widget\" data-settings=\"{&quot;headline_style&quot;:&quot;rotate&quot;,&quot;rotating_text&quot;:&quot;Contabilidad Externa&quot;,&quot;animation_type&quot;:&quot;typing&quot;,&quot;loop&quot;:&quot;yes&quot;,&quot;rotate_iteration_delay&quot;:2500}\" data-widget_type=\"animated-headline.default\">\n\t\t\t\t<div class=\"elementor-widget-container\">\n\t\t\t\t\t<h3 class=\"elementor-headline elementor-headline-animation-type-typing elementor-headline-letters\">\n\t\t\t\t\t<span class=\"elementor-headline-plain-text elementor-headline-text-wrapper\">Servicios de<\/span>\n\t\t\t\t<span class=\"elementor-headline-dynamic-wrapper elementor-headline-text-wrapper\">\n\t\t\t\t\t<span class=\"elementor-headline-dynamic-text elementor-headline-text-active\">\n\t\t\t\tContabilidad&nbsp;Externa\t\t\t<\/span>\n\t\t\t\t\t\t<\/span>\n\t\t\t\t<\/h3>\n\t\t\t\t<\/div>\n\t\t\t\t<\/div>\n\t\t\t\t<div class=\"elementor-element elementor-element-2f7b30fe elementor-widget-divider--view-line elementor-widget elementor-widget-divider\" data-id=\"2f7b30fe\" data-element_type=\"widget\" data-widget_type=\"divider.default\">\n\t\t\t\t<div class=\"elementor-widget-container\">\n\t\t\t\t\t<div class=\"elementor-divider\">\n\t\t\t<span class=\"elementor-divider-separator\">\n\t\t\t\t\t\t<\/span>\n\t\t<\/div>\n\t\t\t\t<\/div>\n\t\t\t\t<\/div>\n\t\t\t\t\t<\/div>\n\t\t<\/div>\n\t\t\t\t\t\t\t<\/div>\n\t\t<\/section>\n\t\t\t\t<section class=\"elementor-section elementor-top-section elementor-element elementor-element-4fa40ca9 elementor-section-boxed elementor-section-height-default elementor-section-height-default\" data-id=\"4fa40ca9\" data-element_type=\"section\" data-settings=\"{&quot;background_background&quot;:&quot;classic&quot;}\">\n\t\t\t\t\t\t\t<div class=\"elementor-background-overlay\"><\/div>\n\t\t\t\t\t\t\t<div class=\"elementor-container elementor-column-gap-default\">\n\t\t\t\t\t<div class=\"elementor-column elementor-col-100 elementor-top-column elementor-element elementor-element-600ae600\" data-id=\"600ae600\" data-element_type=\"column\">\n\t\t\t<div class=\"elementor-widget-wrap elementor-element-populated\">\n\t\t\t\t\t\t\t\t<section class=\"elementor-section elementor-inner-section elementor-element elementor-element-33bfa63e elementor-section-boxed elementor-section-height-default elementor-section-height-default\" data-id=\"33bfa63e\" data-element_type=\"section\">\n\t\t\t\t\t\t<div class=\"elementor-container elementor-column-gap-default\">\n\t\t\t\t\t<div class=\"elementor-column elementor-col-50 elementor-inner-column elementor-element elementor-element-2cdcb94\" data-id=\"2cdcb94\" data-element_type=\"column\">\n\t\t\t<div class=\"elementor-widget-wrap elementor-element-populated\">\n\t\t\t\t\t\t\t\t<div class=\"elementor-element elementor-element-440dfcfa elementor-widget elementor-widget-text-editor\" data-id=\"440dfcfa\" data-element_type=\"widget\" data-widget_type=\"text-editor.default\">\n\t\t\t\t<div class=\"elementor-widget-container\">\n\t\t\t\t\t\t\t\t<p>Gestionamos su contabilidad de forma externa, lo cual lo convierte en un sistema m\u00e1s conveniente y pr\u00e1ctico para el adecuado cumplimiento de sus obligaciones fiscales, legales y contables; as\u00ed como las gestiones requeridas por el Instituto Guatemalteco de Seguridad Social \u201cI.G.S.S.\u201d y Ministerio de Trabajo y Previsi\u00f3n Social.<\/p>\t\t\t\t\t\t<\/div>\n\t\t\t\t<\/div>\n\t\t\t\t\t<\/div>\n\t\t<\/div>\n\t\t\t\t<div class=\"elementor-column elementor-col-50 elementor-inner-column elementor-element elementor-element-343af6b0\" data-id=\"343af6b0\" data-element_type=\"column\">\n\t\t\t<div class=\"elementor-widget-wrap elementor-element-populated\">\n\t\t\t\t\t\t\t\t<div class=\"elementor-element elementor-element-543e98c3 elementor-widget elementor-widget-image\" data-id=\"543e98c3\" data-element_type=\"widget\" data-widget_type=\"image.default\">\n\t\t\t\t<div class=\"elementor-widget-container\">\n\t\t\t\t\t\t\t\t\t\t\t\t\t\t\t<img loading=\"lazy\" decoding=\"async\" width=\"500\" height=\"334\" src=\"https:\/\/sandovalasociados.com\/sitio\/wp-content\/uploads\/2021\/08\/contabilidad-externa.jpg\" class=\"attachment-large size-large\" alt=\"\" srcset=\"https:\/\/sandovalasociados.com\/sitio\/wp-content\/uploads\/2021\/08\/contabilidad-externa.jpg 500w, https:\/\/sandovalasociados.com\/sitio\/wp-content\/uploads\/2021\/08\/contabilidad-externa-300x200.jpg 300w\" sizes=\"auto, (max-width: 34.9rem) calc(100vw - 2rem), (max-width: 53rem) calc(8 * (100vw \/ 12)), (min-width: 53rem) calc(6 * (100vw \/ 12)), 100vw\" \/>\t\t\t\t\t\t\t\t\t\t\t\t\t\t\t<\/div>\n\t\t\t\t<\/div>\n\t\t\t\t\t<\/div>\n\t\t<\/div>\n\t\t\t\t\t\t\t<\/div>\n\t\t<\/section>\n\t\t\t\t\t<\/div>\n\t\t<\/div>\n\t\t\t\t\t\t\t<\/div>\n\t\t<\/section>\n\t\t\t\t<section class=\"elementor-section elementor-top-section elementor-element elementor-element-700e03ff elementor-section-boxed elementor-section-height-default elementor-section-height-default\" data-id=\"700e03ff\" data-element_type=\"section\">\n\t\t\t\t\t\t\t<div class=\"elementor-background-overlay\"><\/div>\n\t\t\t\t\t\t\t<div class=\"elementor-container elementor-column-gap-default\">\n\t\t\t\t\t<div class=\"elementor-column elementor-col-66 elementor-top-column elementor-element elementor-element-44e11c30\" data-id=\"44e11c30\" data-element_type=\"column\">\n\t\t\t<div class=\"elementor-widget-wrap elementor-element-populated\">\n\t\t\t\t\t\t\t\t<div class=\"elementor-element elementor-element-69feec72 elementor-widget elementor-widget-text-editor\" data-id=\"69feec72\" data-element_type=\"widget\" data-widget_type=\"text-editor.default\">\n\t\t\t\t<div class=\"elementor-widget-container\">\n\t\t\t\t\t\t\t\t<p>\u00a9 Copyright 2021 Sandoval y Asociados<\/p>\t\t\t\t\t\t<\/div>\n\t\t\t\t<\/div>\n\t\t\t\t\t<\/div>\n\t\t<\/div>\n\t\t\t\t<div class=\"elementor-column elementor-col-33 elementor-top-column elementor-element elementor-element-6e5fc7d2\" data-id=\"6e5fc7d2\" data-element_type=\"column\">\n\t\t\t<div class=\"elementor-widget-wrap elementor-element-populated\">\n\t\t\t\t\t\t\t\t<div class=\"elementor-element elementor-element-2a9d2f elementor-widget elementor-widget-text-editor\" data-id=\"2a9d2f\" data-element_type=\"widget\" data-widget_type=\"text-editor.default\">\n\t\t\t\t<div class=\"elementor-widget-container\">\n\t\t\t\t\t\t\t\t<p>7\u00aa. Calle 8-26 Zona 2 Guatemala, Guatemala<br><b>Tel\u00e9fono:<\/b>&nbsp;2288-3144 \/&nbsp;2270-3338<\/p>\t\t\t\t\t\t<\/div>\n\t\t\t\t<\/div>\n\t\t\t\t\t<\/div>\n\t\t<\/div>\n\t\t\t\t\t\t\t<\/div>\n\t\t<\/section>\n\t\t\t\t\t\t<\/div>\n\t\t\t\t\t<\/div>\n\t\t","protected":false},"excerpt":{"rendered":"<p>Servicios de Contabilidad&nbsp;Externa Gestionamos su contabilidad de forma externa, lo cual lo convierte en un sistema m\u00e1s conveniente y pr\u00e1ctico para el adecuado cumplimiento de sus obligaciones fiscales, legales y contables; as\u00ed como las gestiones requeridas por el Instituto Guatemalteco de Seguridad Social \u201cI.G.S.S.\u201d y Ministerio de Trabajo y Previsi\u00f3n Social. \u00a9 Copyright 2021 Sandoval &hellip; <\/p>\n<p class=\"link-more\"><a href=\"https:\/\/sandovalasociados.com\/sitio\/index.php\/servicios\/servicios-de-contabilidad-externa\/\" class=\"more-link\">Seguir leyendo<span class=\"screen-reader-text\"> \u00abServicios de Contabilidad Externa\u00bb<\/span><\/a><\/p>\n","protected":false},"author":1,"featured_media":0,"parent":174,"menu_order":0,"comment_status":"closed","ping_status":"closed","template":"elementor_header_footer","meta":{"footnotes":""},"class_list":["post-260","page","type-page","status-publish","hentry","entry"],"_links":{"self":[{"href":"https:\/\/sandovalasociados.com\/sitio\/index.php\/wp-json\/wp\/v2\/pages\/260","targetHints":{"allow":["GET"]}}],"collection":[{"href":"https:\/\/sandovalasociados.com\/sitio\/index.php\/wp-json\/wp\/v2\/pages"}],"about":[{"href":"https:\/\/sandovalasociados.com\/sitio\/index.php\/wp-json\/wp\/v2\/types\/page"}],"author":[{"embeddable":true,"href":"https:\/\/sandovalasociados.com\/sitio\/index.php\/wp-json\/wp\/v2\/users\/1"}],"replies":[{"embeddable":true,"href":"https:\/\/sandovalasociados.com\/sitio\/index.php\/wp-json\/wp\/v2\/comments?post=260"}],"version-history":[{"count":19,"href":"https:\/\/sandovalasociados.com\/sitio\/index.php\/wp-json\/wp\/v2\/pages\/260\/revisions"}],"predecessor-version":[{"id":482,"href":"https:\/\/sandovalasociados.com\/sitio\/index.php\/wp-json\/wp\/v2\/pages\/260\/revisions\/482"}],"up":[{"embeddable":true,"href":"https:\/\/sandovalasociados.com\/sitio\/index.php\/wp-json\/wp\/v2\/pages\/174"}],"wp:attachment":[{"href":"https:\/\/sandovalasociados.com\/sitio\/index.php\/wp-json\/wp\/v2\/media?parent=260"}],"curies":[{"name":"wp","href":"https:\/\/api.w.org\/{rel}","templated":true}]}}